{"id":36,"date":"2023-03-29T12:10:47","date_gmt":"2023-03-29T12:10:47","guid":{"rendered":"http:\/\/localhost\/wordpress\/?page_id=36"},"modified":"2023-07-04T14:28:27","modified_gmt":"2023-07-04T14:28:27","slug":"recettes-astuces","status":"publish","type":"page","link":"https:\/\/www.sante-pourtous.net\/?page_id=36","title":{"rendered":"Recettes &#038; Astuces"},"content":{"rendered":"\n<p>Boire tout au long de la journ\u00e9e peut vous aider \u00e0 diminuer la sensation de faim et \u00e0 \u00e9liminer les toxines. Mais pas n\u2019importe quoi. Oubliez donc les jus de fruits ou toutes autres boissons \u00e0 index glyc\u00e9mique \u00e9lev\u00e9.<\/p>\n","protected":false},"excerpt":{"rendered":"<p>Boire tout au long de la journ\u00e9e peut vous aider \u00e0 diminuer la sensation de faim et \u00e0 \u00e9liminer les toxines. Mais pas n\u2019importe quoi. Oubliez donc les jus de fruits ou toutes autres boissons \u00e0 index glyc\u00e9mique \u00e9lev\u00e9.<\/p>\n","protected":false},"author":1,"featured_media":0,"parent":0,"menu_order":0,"comment_status":"closed","ping_status":"closed","template":"","meta":{"footnotes":""},"class_list":["post-36","page","type-page","status-publish","hentry"],"_links":{"self":[{"href":"https:\/\/www.sante-pourtous.net\/index.php?rest_route=\/wp\/v2\/pages\/36","targetHints":{"allow":["GET"]}}],"collection":[{"href":"https:\/\/www.sante-pourtous.net\/index.php?rest_route=\/wp\/v2\/pages"}],"about":[{"href":"https:\/\/www.sante-pourtous.net\/index.php?rest_route=\/wp\/v2\/types\/page"}],"author":[{"embeddable":true,"href":"https:\/\/www.sante-pourtous.net\/index.php?rest_route=\/wp\/v2\/users\/1"}],"replies":[{"embeddable":true,"href":"https:\/\/www.sante-pourtous.net\/index.php?rest_route=%2Fwp%2Fv2%2Fcomments&post=36"}],"version-history":[{"count":2,"href":"https:\/\/www.sante-pourtous.net\/index.php?rest_route=\/wp\/v2\/pages\/36\/revisions"}],"predecessor-version":[{"id":334,"href":"https:\/\/www.sante-pourtous.net\/index.php?rest_route=\/wp\/v2\/pages\/36\/revisions\/334"}],"wp:attachment":[{"href":"https:\/\/www.sante-pourtous.net\/index.php?rest_route=%2Fwp%2Fv2%2Fmedia&parent=36"}],"curies":[{"name":"wp","href":"https:\/\/api.w.org\/{rel}","templated":true}]}}